{"id":587,"date":"2020-12-17T17:56:01","date_gmt":"2020-12-17T17:56:01","guid":{"rendered":"https:\/\/martingenest.com\/?page_id=587"},"modified":"2024-11-26T13:45:48","modified_gmt":"2024-11-26T13:45:48","slug":"bio","status":"publish","type":"page","link":"https:\/\/martingenest.com\/?page_id=587","title":{"rendered":"Bio"},"content":{"rendered":"<p>[et_pb_section fb_built=\u00a0\u00bb1&Prime; _builder_version=\u00a0\u00bb4.7.7&Prime; _module_preset=\u00a0\u00bbdefault\u00a0\u00bb background_color=\u00a0\u00bb#000000&Prime;][et_pb_row column_structure=\u00a0\u00bb1_2,1_2&Prime; _builder_version=\u00a0\u00bb4.7.7&Prime; _module_preset=\u00a0\u00bbdefault\u00a0\u00bb][et_pb_column type=\u00a0\u00bb1_2&Prime; _builder_version=\u00a0\u00bb4.7.7&Prime; _module_preset=\u00a0\u00bbdefault\u00a0\u00bb][et_pb_text _builder_version=\u00a0\u00bb4.7.7&Prime; _module_preset=\u00a0\u00bbdefault\u00a0\u00bb]<\/p>\n<h2><strong>Martin Genest, metteur en sc\u00e8ne<\/strong><\/h2>\n<p>[\/et_pb_text][\/et_pb_column][et_pb_column type=\u00a0\u00bb1_2&Prime; _builder_version=\u00a0\u00bb4.7.7&Prime; _module_preset=\u00a0\u00bbdefault\u00a0\u00bb][\/et_pb_column][\/et_pb_row][et_pb_row column_structure=\u00a0\u00bb3_4,1_4&Prime; _builder_version=\u00a0\u00bb4.7.7&Prime; _module_preset=\u00a0\u00bbdefault\u00a0\u00bb][et_pb_column type=\u00a0\u00bb3_4&Prime; _builder_version=\u00a0\u00bb4.7.7&Prime; _module_preset=\u00a0\u00bbdefault\u00a0\u00bb][et_pb_text _builder_version=\u00a0\u00bb4.7.7&Prime; _module_preset=\u00a0\u00bbdefault\u00a0\u00bb background_color=\u00a0\u00bb#000000&Prime; text_orientation=\u00a0\u00bbjustified\u00a0\u00bb hover_enabled=\u00a0\u00bb0&Prime; sticky_enabled=\u00a0\u00bb0&Prime;]<\/p>\n<p class=\"s4\"><span class=\"s5\">MARTIN GENEST<\/span><\/p>\n<p class=\"s6\"><span class=\"s5\">Metteur en sc\u00e8ne \u0153uvrant depuis une vingtaine d\u2019ann\u00e9es au Qu\u00e9bec et \u00e0 l\u2019\u00e9tranger, <\/span><span class=\"s5\">Martin Genest <\/span><span class=\"s5\">s\u2019est taill\u00e9<\/span><span class=\"s5\"> <\/span><span class=\"s5\">une place appr\u00e9ciable dans l\u2019univers des arts de la sc\u00e8ne.<\/span><span class=\"s5\"><\/span><\/p>\n<p class=\"s6\"><span class=\"s5\">Sa d\u00e9marche de recherche et d<\/span><span class=\"s5\">\u2019exploration, qui porte<\/span><span class=\"s5\"> sur le <\/span><span class=\"s5\">concept<\/span><span class=\"s5\"> <\/span><span class=\"s5\">de<\/span><span class=\"s5\"> quatri\u00e8me mur \u2013 <\/span><span class=\"s5\">la<\/span><span class=\"s5\">barri\u00e8re virtuelle<\/span><span class=\"s5\"> s\u00e9parant traditionnellement <\/span><span class=\"s5\">la sc\u00e8ne de la salle<\/span><span class=\"s5\"> &#8211;<\/span><span class=\"s5\">,<\/span><span class=\"s5\"> <\/span><span class=\"s5\">caract\u00e9rise son approche<\/span><span class=\"s5\"> de la \u00a0mise<\/span><span class=\"s5\"> en sc\u00e8ne.<\/span><span class=\"s5\"> <\/span><span class=\"s5\">Sa vision singuli\u00e8re<\/span><span class=\"s5\"> <\/span><span class=\"s5\">de<\/span><span class=\"s5\"> l\u2019utilisation de l\u2019<\/span><span class=\"s5\">espace sc\u00e9nique et<\/span><span class=\"s5\"> du <\/span><span class=\"s5\">rapport avec le<\/span><span class=\"s5\">spectateur \u2013 <\/span><span class=\"s5\">qui<\/span><span class=\"s5\"> <\/span><span class=\"s5\">place celui-ci en position de<\/span><span class=\"s5\"> mieux vivre l<\/span><span class=\"s5\">\u2019\u00e9v\u00e9nement et d\u2019y<\/span><span class=\"s5\"> jouer un r\u00f4le parfois malgr\u00e9 lui <\/span><span class=\"s5\">\u2013 <\/span><span class=\"s5\">a \u00e9t\u00e9 <\/span><span class=\"s5\">fortement <\/span><span class=\"s5\">remarqu\u00e9e<\/span><span class=\"s5\"> \u00e0 travers plus d\u2019une vingtaine de productions,<\/span><span class=\"s5\"> <\/span><span class=\"s5\">tant dans ses mises en sc\u00e8ne <\/span><span class=\"s5\">de textes<\/span><span class=\"s5\"> dramatiques<\/span><span class=\"s5\"> et<\/span><span class=\"s5\"> <\/span><span class=\"s5\">ses adaptations th\u00e9\u00e2trales d\u2019\u0153uvres <\/span><span class=\"s5\">cin\u00e9matographiq<\/span><span class=\"s5\">ues, que dans <\/span><span class=\"s5\">ses cr\u00e9ations <\/span><span class=\"s5\">originales pour le <\/span><span class=\"s5\">cirque. <\/span><span class=\"s5\"><\/span><\/p>\n<p class=\"s6\"><span>\u00a0<\/span><span class=\"s5\">Ce sont deux productions h<\/span><span class=\"s5\">autement salu\u00e9es par la critique, <\/span><span class=\"s7\">Festen<\/span><span class=\"s7\">, F\u00eate de famille<\/span><span class=\"s5\"> (<\/span><span class=\"s5\">adaptation du film de Thomas <\/span><span class=\"s5\">Vinterberg<\/span><span class=\"s5\">), pr\u00e9sent\u00e9e au Th\u00e9\u00e2tre Blanc,<\/span><span class=\"s5\"> <\/span><span class=\"s5\">et <\/span><span class=\"s7\">Ph\u00e8dre<\/span><span class=\"s5\">, <\/span><span class=\"s5\">pr\u00e9sent\u00e9e <\/span><span class=\"s5\">au Th\u00e9\u00e2tre de la Bord\u00e9e<\/span><span class=\"s5\">, <\/span><span class=\"s5\">qui <\/span><span class=\"s5\">r\u00e9v\u00e8lent<\/span><span class=\"s5\"> le metteur en sc\u00e8ne au grand <\/span><span class=\"s5\">public, r\u00e9coltant au passage <\/span><span class=\"s5\">p<\/span><span class=\"s5\">lusieurs nominations, notamment<\/span><span class=\"s5\"> pour le P<\/span><span class=\"s5\">rix de la Meilleure mise en sc\u00e8ne<\/span><span class=\"s5\"> et pour le Prix de la Meilleure production, <\/span><span class=\"s5\">au Gala des Masques 2006 de l\u2019Associati<\/span><span class=\"s5\">on qu\u00e9b\u00e9coise de th\u00e9\u00e2tre<\/span><span class=\"s5\">. <\/span><\/p>\n<p class=\"s4\"><span class=\"s5\">Sur la <\/span><span class=\"s5\">sc\u00e8ne du Th\u00e9\u00e2tre du Trident, il signe<\/span><span class=\"s5\">,<\/span><span class=\"s5\"> en 2006<\/span><span class=\"s5\">,<\/span><span class=\"s5\"> <\/span><span class=\"s5\">la mise en sc\u00e8ne de <\/span><span class=\"s7\">Jacques et son ma\u00eetre<\/span><span class=\"s7\">,<\/span><span class=\"s5\">de Milan Kundera, <\/span><span class=\"s5\">production fort remarqu\u00e9e qui se<\/span><span class=\"s5\"> m\u00e9rite <\/span><span class=\"s5\">plusieurs distinctions<\/span><span class=\"s5\">, dont <\/span><span class=\"s5\">le Prix<\/span><span class=\"s5\"> de la Meilleure production<\/span><span class=\"s5\">,<\/span><span class=\"s5\"> d\u00e9cern\u00e9 par l\u2019Association qu\u00e9b<\/span><span class=\"s5\">\u00e9coise des critiques de th\u00e9\u00e2tre, le Prix<\/span><span class=\"s5\"> de la Meilleure mise en sc\u00e8ne<\/span><span class=\"s5\">,<\/span><span class=\"s5\"> lors<\/span><span class=\"s5\"> de la remise<\/span><span class=\"s5\"> des Prix d\u2019excellence des arts et de la culture de Qu\u00e9bec<\/span><span class=\"s5\">,<\/span><span class=\"s5\"> <\/span><span class=\"s5\">de m\u00eame<\/span><span class=\"s5\"> qu\u2019une nomination pour le Masq<\/span><span class=\"s5\">ue de la M<\/span><span class=\"s5\">eilleure Production Qu\u00e9bec.<\/span><\/p>\n<p class=\"s4\"><span class=\"s5\">En 2007, apr\u00e8s un voyage au Vietnam, il fait une premi\u00e8re incursion dans l\u2019univers de l\u2019op\u00e9ra<\/span><span class=\"s5\">,<\/span><span class=\"s5\"> en collaborant avec Robert Lepage<\/span><span class=\"s5\">,<\/span><span class=\"s5\"> \u00e0 titre de chor\u00e9graphe des marionnettes dans <\/span><span class=\"s7\">Le Rossignol et autres fables<\/span><span class=\"s5\">,<\/span><span class=\"s5\"> d\u2019Igor Stravinsky<\/span><span class=\"s5\">, pr\u00e9sent\u00e9 depuis \u00e0 travers l\u2019Europe<\/span><span class=\"s5\">.<\/span><\/p>\n<p class=\"s4\"><span class=\"s5\">Accompagn\u00e9 de <\/span><span class=\"s5\">Pupulus<\/span><span class=\"s5\"> Mordicus, il fait un retour sur la sc\u00e8ne du Trident<\/span><span class=\"s5\"> en 2008,<\/span><span class=\"s5\"> avec <\/span><span class=\"s7\">L\u2019Oiseau vert<\/span><span class=\"s5\">, mise en nomination pour le Prix de la meilleure mise en sc\u00e8ne lors des Prix d\u2019excellence des arts et de la culture de Qu\u00e9bec.<\/span><\/p>\n<p class=\"s4\"><span class=\"s5\">Il collabore \u00e9galement avec l\u2019<\/span><span class=\"s5\">Ubus<\/span><span class=\"s5\"> Th\u00e9\u00e2tre, th\u00e9\u00e2tre intime, mettant en sc\u00e8ne <\/span><span class=\"s7\">Le P\u00e9riple<\/span><span class=\"s5\">, production mise en nomination pour le Masque de la Production R\u00e9gion en 2004, de m\u00eame que <\/span><span class=\"s7\">L\u2019\u00c9crit <\/span><span class=\"s5\">et<\/span><span class=\"s7\"> <\/span><span class=\"s7\">Caminando<\/span><span class=\"s7\"> <\/span><span class=\"s7\">Avlando<\/span><span class=\"s5\">,<\/span><span class=\"s5\"> deux spectacles qui <\/span><span class=\"s5\">voyagent depuis \u00e0 travers la <\/span><span class=\"s5\">France,<\/span><span class=\"s5\"><\/span><span class=\"s5\">notamment<\/span><span class=\"s5\"> au Festival de marionnettes <\/span><span class=\"s5\">de<\/span><span class=\"s5\"> Charleville-M\u00e9zi\u00e8res<\/span><span class=\"s5\">,<\/span><span class=\"s5\"> <\/span><span class=\"s5\">ainsi qu\u2019<\/span><span class=\"s5\">au Br\u00e9sil<\/span><span class=\"s5\">.<\/span><\/p>\n<p class=\"s6\"><span class=\"s5\">D<\/span><span class=\"s5\">epuis quelques ann\u00e9es, son <\/span><span class=\"s5\">d\u00e9sir<\/span><span class=\"s5\"> d\u2019approfondir et de mieux conna\u00eetre les liens qui se tissent entre les s<\/span><span class=\"s5\">pectateurs et le spectacle l\u2019a<\/span><span class=\"s5\"> <\/span><span class=\"s5\">a<\/span><span class=\"s5\">men\u00e9 \u00e0 s\u2019int\u00e9resser aux arts de la rue<\/span><span class=\"s5\">,<\/span><span class=\"s5\"> <\/span><span class=\"s5\">ce qui l\u2019a conduit \u00e0<\/span><span class=\"s5\">collabor<\/span><span class=\"s5\">er<\/span><span class=\"s5\"> avec le <\/span><span class=\"s5\">T<\/span><span class=\"s5\">h\u00e9\u00e2tre La T\u00eate de pioche<\/span><span class=\"s5\">,<\/span><span class=\"s5\"> pour qui il a mis en sc\u00e8ne <\/span><span class=\"s7\">Les <\/span><span class=\"s7\">j<\/span><span class=\"s7\">oyeux <\/span><span class=\"s7\">B<\/span><span class=\"s7\">ouchers<\/span><span class=\"s5\">.<\/span><\/p>\n<p class=\"s6\"><span>\u00a0<\/span><span class=\"s5\">En<\/span><span class=\"s5\"> 2010, <\/span><span class=\"s5\">il adapte le film<\/span><span class=\"s5\"> <\/span><span class=\"s7\">Octobre<\/span><span class=\"s5\">,<\/span><span class=\"s5\"> de Pierre <\/span><span class=\"s5\">Falardeau<\/span><span class=\"s5\">, <\/span><span class=\"s5\">et<\/span><span class=\"s5\"> en dirige la production<\/span><span class=\"s5\">, intitul\u00e9e <\/span><span class=\"s7\">Octobre 70<\/span><span class=\"s5\">, <\/span><span class=\"s5\">au Th\u00e9\u00e2tre Blanc<\/span><span class=\"s5\">\u00a0;<\/span><span class=\"s5\"> <\/span><span class=\"s5\">la<\/span><span class=\"s5\"> mise en sc\u00e8ne et <\/span><span class=\"s5\">la <\/span><span class=\"s5\">sc\u00e9nographie<\/span><span class=\"s5\">, <\/span><span class=\"s5\">sp\u00e9cialement con\u00e7ue<\/span><span class=\"s5\">s<\/span><span class=\"s5\"> <\/span><span class=\"s5\">pour placer les spectateurs en position de juges, sur trois \u00e9tages, suscite chez eux un regard critique sur les \u00e9v\u00e9nements d\u2019octobre 70<\/span><span class=\"s5\">. Cette production <\/span><span class=\"s5\">s<\/span><span class=\"s5\">e m\u00e9rite<\/span><span class=\"s5\"> <\/span><span class=\"s5\">le Prix de la <\/span><span class=\"s5\">M<\/span><span class=\"s5\">eilleure mise en sc\u00e8ne lors des Prix d\u2019excellence des arts et de la culture<\/span><span class=\"s5\"> de Qu\u00e9bec<\/span><span class=\"s5\">,<\/span><span class=\"s5\"> \u00e0 l\u2019automne 2010. \u00a0<\/span><\/p>\n<p class=\"s6\"><span>\u00a0<\/span><span class=\"s5\">En avril de la m\u00eame ann\u00e9e, il pr\u00e9sen<\/span><span class=\"s5\">te<\/span><span class=\"s5\"> <\/span><span class=\"s7\">Cabaret Gainsbourg<\/span><span class=\"s5\">, de <\/span><span class=\"s5\">Pupulus<\/span><span class=\"s5\"> Mordicus, au Th\u00e9\u00e2tre P\u00e9riscope. <\/span><span class=\"s5\">Vif succ\u00e8s, ce<\/span><span class=\"s5\">tte pi\u00e8ce<\/span><span class=\"s5\"> <\/span><span class=\"s5\">pr\u00e9sent\u00e9e en tourn\u00e9e depuis, <\/span><span class=\"s5\">est<\/span><span class=\"s5\"> \u00e9galement<\/span><span class=\"s5\"> mise en nomination pour la Meilleure production Qu\u00e9bec<\/span><span class=\"s5\">,<\/span><span class=\"s5\"> par l\u2019Association qu\u00e9b\u00e9coise des critiques de th\u00e9\u00e2tre.<\/span><\/p>\n<p class=\"s6\"><span>\u00a0<\/span><span class=\"s5\">En 2011, il collabore pour la premi\u00e8re fois avec Le Cirque du Soleil<\/span><span class=\"s5\">, qui <\/span><span class=\"s5\">l\u2019invite <\/span><span class=\"s5\">\u00e0 <\/span><span class=\"s5\">concevoir<\/span><span class=\"s5\"> et sc\u00e9naris<\/span><span class=\"s5\">er<\/span><span class=\"s5\"> un projet pour l\u2019Arabie Saoudite.<\/span><\/p>\n<p class=\"s6\"><span>\u00a0<\/span><span class=\"s5\">La m\u00eame ann\u00e9e<\/span><span class=\"s5\">,<\/span><span class=\"s5\"> il met en sc\u00e8ne <\/span><span class=\"s7\">L\u2019Op\u00e9ra de <\/span><span class=\"s7\">Quat\u2019sous<\/span><span class=\"s7\">,<\/span><span class=\"s5\"> de Bertolt Brecht<\/span><span class=\"s5\">,<\/span><span class=\"s5\"> en collaboration avec l\u2019Orchestre <\/span><span class=\"s5\">d<\/span><span class=\"s5\">\u2019<\/span><span class=\"s5\">Hommes-Orchestres<\/span><span class=\"s5\">,<\/span><span class=\"s5\"> pour cl\u00f4turer la saison du Th\u00e9\u00e2tre du Trident<\/span><span class=\"s5\">.<\/span><span class=\"s5\"> <\/span><span class=\"s5\">R<\/span><span class=\"s5\">\u00e9cipiendaire du prix de la Meilleure mise en sc\u00e8ne au<\/span><span class=\"s5\">x<\/span><span class=\"s5\"> Prix d\u2019excellence de<\/span><span class=\"s5\">s arts et de la culture de <\/span><span class=\"s5\">Qu\u00e9bec 201<\/span><span class=\"s5\">1,<\/span><span class=\"s5\"> cette production a <\/span><span class=\"s5\">aussi <\/span><span class=\"s5\">remport\u00e9 le prix de la <\/span><span class=\"s5\">M<\/span><span class=\"s5\">eilleure production de Qu\u00e9bec 2011<\/span><span class=\"s5\">, d\u00e9cern\u00e9 par <\/span><span class=\"s5\">l\u2019Association qu\u00e9b\u00e9coises des critiques de th\u00e9\u00e2tre.<\/span><\/p>\n<p class=\"s6\"><span class=\"s5\">Toujours e<\/span><span class=\"s5\">n<\/span><span class=\"s5\"> <\/span><span class=\"s5\">2011, il <\/span><span class=\"s5\">con\u00e7oit et <\/span><span class=\"s5\">dirige<\/span><span class=\"s5\">,<\/span><span class=\"s5\"> en tant que directeur artistique et metteur en sc\u00e8ne, le<\/span><span class=\"s5\">programme d\u2019<\/span><span class=\"s5\">\u00e9v\u00e9nements <\/span><span class=\"s5\">et <\/span><span class=\"s5\">de <\/span><span class=\"s5\">c\u00e9l\u00e9brations marquant<\/span><span class=\"s5\"> le 40eme anniversaire du Grand Th\u00e9\u00e2tre de Qu\u00e9bec. <\/span><span class=\"s5\">Faisant appel \u00e0<\/span><span class=\"s5\"> plusieurs grands de la chanson du Qu\u00e9bec, il orchestre <\/span><span class=\"s5\">notamment <\/span><span class=\"s5\">un spectacle <\/span><span class=\"s5\">\u00e9mouvant acclam\u00e9 par <\/span><span class=\"s5\">la critique<\/span><span class=\"s5\"> <\/span><span class=\"s5\">qui salue<\/span><span class=\"s5\"> sa forme et son audace.<\/span><\/p>\n<p class=\"s6\"><span>\u00a0<\/span><span class=\"s5\">Autre pr\u00e9sence au Th\u00e9\u00e2tre du T<\/span><span class=\"s5\">rident, sa mise en sc\u00e8ne de <\/span><span class=\"s7\">L\u2019Odyss\u00e9e<\/span><span class=\"s5\">, en 2012, \u00e9tonne et conquiert les spectateurs <\/span><span class=\"s5\">ainsi que<\/span><span class=\"s5\"> les critiques, qui sont<\/span><span class=\"s5\"> unanimes \u00e0 saluer la richesse et l\u2019originalit\u00e9 du spectacle, de m\u00eame que sa capacit\u00e9 \u00e0 toucher et \u00e0 faire r\u00e9fl\u00e9chir \u00e0 la folie guerri\u00e8re.<\/span><\/p>\n<p class=\"s6\"><span>\u00a0<\/span><span class=\"s5\">Son travail <\/span><span class=\"s5\">avec le Cirque du Soleil s<\/span><span class=\"s5\">e poursuit<\/span><span class=\"s5\"> <\/span><span class=\"s5\">ensuite pendant la saison 2012-2013, <\/span><span class=\"s5\">avec <\/span><span class=\"s5\">l<\/span><span class=\"s5\">a<\/span><span class=\"s5\"><\/span><span class=\"s5\">conception<\/span><span class=\"s5\"> et<\/span><span class=\"s5\"> <\/span><span class=\"s5\">la mise <\/span><span class=\"s5\">en sc\u00e8ne <\/span><span class=\"s5\">du<\/span><span class=\"s7\"> Hangar des oubli\u00e9s<\/span><span class=\"s5\">, derni\u00e8re \u00e9dition <\/span><span class=\"s5\">d<\/span><span class=\"s5\">es<\/span><span class=\"s7\"> Chemins invisibles<\/span><span class=\"s5\">, <\/span><span class=\"s5\">qui fait salle comble \u00e0 Qu\u00e9bec pendant toute la p\u00e9riode estivale, et qui s\u2019attire les \u00e9loges de la critique.<\/span><\/p>\n<p class=\"s6\"><span>\u00a0<\/span><span class=\"s5\">Au printemps 2014<\/span><span class=\"s5\">, <\/span><span class=\"s5\">sa proposition du <\/span><span class=\"s7\">Bourgeois<\/span><span class=\"s7\"> gentilhomme<\/span><span class=\"s5\"> pr\u00e9sent\u00e9e au Th\u00e9\u00e2tre du Trident<\/span><span class=\"s5\">, cr\u00e9e une tr\u00e8s forte impression chez le public et dans les m\u00e9dias, gr\u00e2ce \u00e0 une <\/span><span class=\"s5\">re<\/span><span class=\"s5\">lecture <\/span><span class=\"s5\">contemporaine, <\/span><span class=\"s5\">ludique et audacieuse du classique de Moli\u00e8re. <\/span><\/p>\n<p class=\"s6\"><span class=\"s7\">Joy\u00e0<\/span><span class=\"s5\">, <\/span><span class=\"s5\">un<\/span><span class=\"s5\"> <\/span><span class=\"s5\">spectacle <\/span><span class=\"s5\">permanent alliant la performance circassienne, musicale, th\u00e9\u00e2trale <\/span><span class=\"s5\">ainsi que<\/span><span class=\"s5\">l\u2019art culinaire<\/span><span class=\"s5\"> et sp\u00e9cialement <\/span><span class=\"s5\">con\u00e7u<\/span><span class=\"s5\"> <\/span><span class=\"s5\">pour<\/span><span class=\"s5\"> le Cirque<\/span><span class=\"s5\"> du Soleil, <\/span><span class=\"s5\">qui est \u00e0<\/span><span class=\"s5\"> l\u2019<\/span><span class=\"s5\">affiche au Mexique <\/span><span class=\"s5\">depuis<\/span><span class=\"s5\"> l\u2019automne 2<\/span><span class=\"s5\">014. Sa mise en sc\u00e8ne prolonge<\/span><span class=\"s5\"> le travail de recherche engag\u00e9 autour de l\u2019immersion du spectateur dans l\u2019environnement sc\u00e9nique, de mani\u00e8re \u00e0 lui faire vivre une <\/span><span class=\"s5\">exp\u00e9rience sensorielle globale dans un cadre festif unique.<\/span><\/p>\n<p class=\"s6\"><span>\u00a0<\/span><span class=\"s5\">En<\/span><span class=\"s5\"> 2016<\/span><span class=\"s5\"> <\/span><span class=\"s5\">le<\/span><span class=\"s5\"> <\/span><span class=\"s5\">direction artistique du <\/span><span class=\"s5\">Th\u00e9\u00e2tre du Tri<\/span><span class=\"s5\">dent <\/span><span class=\"s5\">r\u00e9invite Martin \u00e0 mettre en sc\u00e8ne<\/span><span class=\"s5\"> <\/span><span class=\"s5\">la pi\u00e8ce <\/span><span class=\"s7\">Lapin Lapin<\/span><span class=\"s5\"> de Coline Serreau. Une production unique \u00e0 la mise en sc\u00e8ne remarquable qui est tout de suite associ\u00e9 \u00e0 Martin Genest et son approche th\u00e9\u00e2trale singuli\u00e8re. \u00a0<\/span><\/p>\n<p><span class=\"s5\">De 2017 \u00e0 2019, c\u2019est \u00e0 titre de directeur artistique qu\u2019il participe \u00e0 l\u2019\u00e9laboration d\u2019un espace technologique permanent au Grand Th\u00e9\u00e2tre de Qu\u00e9bec.<\/span><span class=\"s5\"> En collaboration avec les architectes <\/span><span class=\"s8\">Hatem + D<\/span><span class=\"s5\">, <\/span><span class=\"s5\">il \u00e9labore un espace polyvalent pour la cr\u00e9ation et la pr\u00e9sentation d\u2019\u0153uvre d\u2019art num\u00e9rique. Une innovation pour ce genre d\u2019endroit ind\u00e9niablement tourner vers l\u2019avenir et les arts \u00e9mergents<\/span><\/p>\n<p class=\"s6\"><span>\u00a0<\/span><span class=\"s5\">V\u00e9ritable touche-\u00e0-tout, 2018 marque le d\u00e9but d\u2019une belle collaboration avec le Festival de magie de Qu\u00e9bec d\u2019abord avec la mise en sc\u00e8ne des galas international annuel mais aussi \u00e0 l\u2019\u00e9laboration et l\u2019organisation du Championnat mondial de la F\u00e9d\u00e9ration Internationale des <\/span><span class=\"s5\">S<\/span><span class=\"s5\">oci\u00e9t\u00e9s Magique (FISM) qui aura lieu \u00e0 Qu\u00e9bec \u00e0 l\u2019\u00e9t\u00e9 2021.<\/span><\/p>\n<p class=\"s6\"><span>\u00a0<\/span><span class=\"s5\">2019<\/span><span class=\"s5\"> <\/span><span class=\"s5\">il cr\u00e9e<\/span><span class=\"s5\">,<\/span><span class=\"s5\"> <\/span><span class=\"s5\">pour la comp<\/span><span class=\"s5\">agnie de cirque Flip Fabrique<\/span><span class=\"s5\">,<\/span><span class=\"s5\"> <\/span><span class=\"s5\">un spectacle <\/span><span class=\"s5\">de cirque <\/span><span class=\"s5\">\u00e0 grand d\u00e9ploiement sur la place Jean-B\u00e9liveau et offert par la ville de Qu\u00e9bec<\/span><span class=\"s5\"> \u00e0 la population<\/span><span class=\"s5\">. Succ\u00e8s m\u00e9diatique et populaire, le spectacle a en <\/span><span class=\"s5\">\u00e0 peine <\/span><span class=\"s5\">6 <\/span><span class=\"s5\">semaines<\/span><span class=\"s5\"> \u00e9t\u00e9 <\/span><span class=\"s5\">ovationn\u00e9<\/span><span class=\"s5\"> par pr\u00e8s de 200\u00a0000 spectateurs. <\/span><\/p>\n<p class=\"s6\"><span>\u00a0<\/span><span class=\"s5\">Finalement, pour l\u2019ouverture du Th\u00e9\u00e2tre le Diamant, Robert Lepage <\/span><span class=\"s5\">confi<\/span><span class=\"s5\"> \u00e0 Martin<\/span><span class=\"s5\"> un espace \u00e0 enrichir pour les festivit\u00e9s<\/span><span class=\"s5\"> d\u2019inauguration<\/span><span class=\"s5\">. En collaboration avec Pierre Robitaille ils cr\u00e9ent pour l\u2019occasion une \u0153uvre\/installation marionnettique originale qui a su \u00e9mouvoir les visiteurs <\/span><span class=\"s5\">et marqu\u00e9 le lancement <\/span><span class=\"s5\">du lieu <\/span><span class=\"s5\">au rayonnement culturel unique et in\u00e9dit.<\/span><span class=\"s5\"><\/span><\/p>\n<p class=\"s6\"><span>\u00a0<\/span><\/p>\n<p>[\/et_pb_text][\/et_pb_column][et_pb_column type=\u00a0\u00bb1_4&Prime; _builder_version=\u00a0\u00bb4.7.7&Prime; _module_preset=\u00a0\u00bbdefault\u00a0\u00bb][et_pb_image src=\u00a0\u00bbhttps:\/\/martingenest.com\/wp-content\/uploads\/2020\/12\/Martin_055-copie-4.jpeg\u00a0\u00bb alt=\u00a0\u00bbMartin Genest, metteur en sc\u00e8ne\u00a0\u00bb title_text=\u00a0\u00bbMartin Genest, metteur en sc\u00e8ne\u00a0\u00bb _builder_version=\u00a0\u00bb4.7.7&Prime; _module_preset=\u00a0\u00bbdefault\u00a0\u00bb][\/et_pb_image][et_pb_text _builder_version=\u00a0\u00bb4.7.7&Prime; _module_preset=\u00a0\u00bbdefault\u00a0\u00bb]<\/p>\n<h6>Cr\u00e9dit photo : Nicola-Frank Vachon<\/h6>\n<p>[\/et_pb_text][\/et_pb_column][\/et_pb_row][\/et_pb_section]<\/p>\n","protected":false},"excerpt":{"rendered":"<p>[et_pb_section fb_built=\u00a0\u00bb1&Prime; _builder_version=\u00a0\u00bb4.7.7&Prime; _module_preset=\u00a0\u00bbdefault\u00a0\u00bb background_color=\u00a0\u00bb#000000&Prime;][et_pb_row column_structure=\u00a0\u00bb1_2,1_2&Prime; _builder_version=\u00a0\u00bb4.7.7&Prime; _module_preset=\u00a0\u00bbdefault\u00a0\u00bb][et_pb_column type=\u00a0\u00bb1_2&Prime; _builder_version=\u00a0\u00bb4.7.7&Prime; _module_preset=\u00a0\u00bbdefault\u00a0\u00bb][et_pb_text _builder_version=\u00a0\u00bb4.7.7&Prime; _module_preset=\u00a0\u00bbdefault\u00a0\u00bb] Martin Genest, metteur en sc\u00e8ne [\/et_pb_text][\/et_pb_column][et_pb_column type=\u00a0\u00bb1_2&Prime; _builder_version=\u00a0\u00bb4.7.7&Prime; _module_preset=\u00a0\u00bbdefault\u00a0\u00bb][\/et_pb_column][\/et_pb_row][et_pb_row column_structure=\u00a0\u00bb3_4,1_4&Prime; _builder_version=\u00a0\u00bb4.7.7&Prime; _module_preset=\u00a0\u00bbdefault\u00a0\u00bb][et_pb_column type=\u00a0\u00bb3_4&Prime; _builder_version=\u00a0\u00bb4.7.7&Prime; _module_preset=\u00a0\u00bbdefault\u00a0\u00bb][et_pb_text _builder_version=\u00a0\u00bb4.7.7&Prime; _module_preset=\u00a0\u00bbdefault\u00a0\u00bb background_color=\u00a0\u00bb#000000&Prime; text_orientation=\u00a0\u00bbjustified\u00a0\u00bb hover_enabled=\u00a0\u00bb0&Prime; sticky_enabled=\u00a0\u00bb0&Prime;] MARTIN GENEST Metteur en sc\u00e8ne \u0153uvrant depuis une vingtaine d\u2019ann\u00e9es au Qu\u00e9bec et \u00e0 l\u2019\u00e9tranger, Martin Genest s\u2019est taill\u00e9 une place [&hellip;]<\/p>\n","protected":false},"author":1,"featured_media":0,"parent":0,"menu_order":0,"comment_status":"closed","ping_status":"closed","template":"","meta":{"_et_pb_use_builder":"on","_et_pb_old_content":"","_et_gb_content_width":""},"_links":{"self":[{"href":"https:\/\/martingenest.com\/index.php?rest_route=\/wp\/v2\/pages\/587"}],"collection":[{"href":"https:\/\/martingenest.com\/index.php?rest_route=\/wp\/v2\/pages"}],"about":[{"href":"https:\/\/martingenest.com\/index.php?rest_route=\/wp\/v2\/types\/page"}],"author":[{"embeddable":true,"href":"https:\/\/martingenest.com\/index.php?rest_route=\/wp\/v2\/users\/1"}],"replies":[{"embeddable":true,"href":"https:\/\/martingenest.com\/index.php?rest_route=%2Fwp%2Fv2%2Fcomments&post=587"}],"version-history":[{"count":6,"href":"https:\/\/martingenest.com\/index.php?rest_route=\/wp\/v2\/pages\/587\/revisions"}],"predecessor-version":[{"id":1721,"href":"https:\/\/martingenest.com\/index.php?rest_route=\/wp\/v2\/pages\/587\/revisions\/1721"}],"wp:attachment":[{"href":"https:\/\/martingenest.com\/index.php?rest_route=%2Fwp%2Fv2%2Fmedia&parent=587"}],"curies":[{"name":"wp","href":"https:\/\/api.w.org\/{rel}","templated":true}]}}